{"id":116,"date":"2014-07-02T17:26:05","date_gmt":"2014-07-02T15:26:05","guid":{"rendered":"http:\/\/www.stadtchorgmunden.at\/?page_id=116"},"modified":"2026-02-01T14:15:03","modified_gmt":"2026-02-01T13:15:03","slug":"start","status":"publish","type":"page","link":"http:\/\/www.stadtchorgmunden.at\/","title":{"rendered":"Willkommen und Mitmachen"},"content":{"rendered":"\n<figure class=\"wp-block-image size-large\"><a href=\"http:\/\/www.stadtchorgmunden.at\/wp-content\/uploads\/2025\/11\/sTADTCHOR-gMUNDEN-2-scaled-e1764518897930.jpg\"><img loading=\"lazy\" decoding=\"async\" width=\"1024\" height=\"431\" src=\"http:\/\/www.stadtchorgmunden.at\/wp-content\/uploads\/2025\/11\/sTADTCHOR-gMUNDEN-2-scaled-e1764518897930-1024x431.jpg\" alt=\"Titelseite\" class=\"wp-image-1767\" srcset=\"http:\/\/www.stadtchorgmunden.at\/wp-content\/uploads\/2025\/11\/sTADTCHOR-gMUNDEN-2-scaled-e1764518897930-1024x431.jpg 1024w, http:\/\/www.stadtchorgmunden.at\/wp-content\/uploads\/2025\/11\/sTADTCHOR-gMUNDEN-2-scaled-e1764518897930-300x126.jpg 300w, http:\/\/www.stadtchorgmunden.at\/wp-content\/uploads\/2025\/11\/sTADTCHOR-gMUNDEN-2-scaled-e1764518897930-768x323.jpg 768w, http:\/\/www.stadtchorgmunden.at\/wp-content\/uploads\/2025\/11\/sTADTCHOR-gMUNDEN-2-scaled-e1764518897930-1536x646.jpg 1536w, http:\/\/www.stadtchorgmunden.at\/wp-content\/uploads\/2025\/11\/sTADTCHOR-gMUNDEN-2-scaled-e1764518897930-2048x862.jpg 2048w\" sizes=\"auto, (max-width: 1024px) 100vw, 1024px\" \/><\/a><\/figure>\n\n\n\n<div class=\"wp-block-group is-vertical is-layout-flex wp-container-core-group-is-layout-8cf370e7 wp-block-group-is-layout-flex\">\n<p>So, wie oben, schauen wir aus, wenn wir unsere Winterschals anlegen. Also jetzt. <\/p>\n\n\n\n<p>Wer sich f\u00fcr Chorgesang in allen Stilrichtungen interessiert, ist herzlich willkommen. <br>Chorische Stimmbildung, fr\u00f6hliches und intensives Proben f\u00fcr unsere Auftritte erwartet Sie. <br><\/p>\n\n\n\n<p><\/p>\n\n\n\n<p><\/p>\n\n\n\n<p>Z\u00f6gern Sie nicht, in unserem Archiv zu schm\u00f6kern. 2025, zum Beispiel, gab es von A wie Alperer Jodler<br>und B wie Bruckner Messe \u00fcber D wie Don Kosaken, Fledermaus, Kaiserwalzer, Mozartrequiem schon fast alles mit allen Wiederholungen. Passenderweise, gegen Jahresende, kommen wir zum Buchstaben W wie Weihnachtssingen. <\/p>\n\n\n\n<p>Unser n\u00e4chster under esrter Auftritt in unserem <strong>Jubil\u00e4umsjahr 2026 <\/strong>ist der Liebstatt Sonntag in Gmunden<\/p>\n\n\n\n<p>15.3.29026: 9:30   Stadtpfarrkirche Gmunden <br><a href=\"https:\/\/www.salzkammergutkultur.at\/brauchtum\/liebstattsonntag.html\">https:\/\/www.salzkammergutkultur.at\/brauchtum\/liebstattsonntag.html<\/a> <br><\/p>\n\n\n\n<p><\/p>\n<\/div>\n\n\n\n<p>Neugierig geworden? Stecken Sie Ihre Nase und Ihr Ohr zur T\u00fcr des Probenlokals und lassen Sie sich anstecken. <\/p>\n\n\n\n<p><strong><mark style=\"background-color:rgba(0, 0, 0, 0)\" class=\"has-inline-color has-vivid-purple-color\">Jeden Dienstag, um 19:30: Georgstrasse 20, Gmunden (R\u00e4umlichkeiten der Lebenshilfe) <\/mark><\/strong><\/p>\n\n\n\n<p><\/p>\n\n\n\n<p><\/p>\n\n\n\n<p><\/p>\n","protected":false},"excerpt":{"rendered":"<p>So, wie oben, schauen wir aus, wenn wir unsere Winterschals anlegen. Also jetzt. Wer sich f\u00fcr Chorgesang in allen Stilrichtungen interessiert, ist herzlich willkommen. Chorische Stimmbildung, fr\u00f6hliches und intensives Proben f\u00fcr unsere Auftritte erwartet Sie. Z\u00f6gern Sie nicht, in unserem Archiv zu schm\u00f6kern. 2025, zum Beispiel, gab es von A wie Alperer Jodlerund B wie [&hellip;]<\/p>\n","protected":false},"author":1,"featured_media":0,"parent":0,"menu_order":0,"comment_status":"closed","ping_status":"open","template":"","meta":{"footnotes":""},"class_list":["post-116","page","type-page","status-publish","hentry"],"_links":{"self":[{"href":"http:\/\/www.stadtchorgmunden.at\/index.php?rest_route=\/wp\/v2\/pages\/116","targetHints":{"allow":["GET"]}}],"collection":[{"href":"http:\/\/www.stadtchorgmunden.at\/index.php?rest_route=\/wp\/v2\/pages"}],"about":[{"href":"http:\/\/www.stadtchorgmunden.at\/index.php?rest_route=\/wp\/v2\/types\/page"}],"author":[{"embeddable":true,"href":"http:\/\/www.stadtchorgmunden.at\/index.php?rest_route=\/wp\/v2\/users\/1"}],"replies":[{"embeddable":true,"href":"http:\/\/www.stadtchorgmunden.at\/index.php?rest_route=%2Fwp%2Fv2%2Fcomments&post=116"}],"version-history":[{"count":269,"href":"http:\/\/www.stadtchorgmunden.at\/index.php?rest_route=\/wp\/v2\/pages\/116\/revisions"}],"predecessor-version":[{"id":1832,"href":"http:\/\/www.stadtchorgmunden.at\/index.php?rest_route=\/wp\/v2\/pages\/116\/revisions\/1832"}],"wp:attachment":[{"href":"http:\/\/www.stadtchorgmunden.at\/index.php?rest_route=%2Fwp%2Fv2%2Fmedia&parent=116"}],"curies":[{"name":"wp","href":"https:\/\/api.w.org\/{rel}","templated":true}]}}

<figure class="wp-block-image size-large"><a href="http://www.stadtchorgmunden.at/wp-content/uploads/2025/11/sTADTCHOR-gMUNDEN-2-scaled-e1764518897930.jpg"><img loading="lazy" decoding="async" width="1024" height="431" src="http://www.stadtchorgmunden.at/wp-content/uploads/2025/11/sTADTCHOR-gMUNDEN-2-scaled-e1764518897930-1024x431.jpg" alt="Titelseite" class="wp-image-1767" srcset="http://www.stadtchorgmunden.at/wp-content/uploads/2025/11/sTADTCHOR-gMUNDEN-2-scaled-e1764518897930-1024x431.jpg 1024w, http://www.stadtchorgmunden.at/wp-content/uploads/2025/11/sTADTCHOR-gMUNDEN-2-scaled-e1764518897930-300x126.jpg 300w, http://www.stadtchorgmunden.at/wp-content/uploads/2025/11/sTADTCHOR-gMUNDEN-2-scaled-e1764518897930-768x323.jpg 768w, http://www.stadtchorgmunden.at/wp-content/uploads/2025/11/sTADTCHOR-gMUNDEN-2-scaled-e1764518897930-1536x646.jpg 1536w, http://www.stadtchorgmunden.at/wp-content/uploads/2025/11/sTADTCHOR-gMUNDEN-2-scaled-e1764518897930-2048x862.jpg 2048w" sizes="auto, (max-width: 1024px) 100vw, 1024px" /></a></figure>



<div class="wp-block-group is-vertical is-layout-flex wp-container-core-group-is-layout-8cf370e7 wp-block-group-is-layout-flex">
<p>So, wie oben, schauen wir aus, wenn wir unsere Winterschals anlegen. Also jetzt. </p>



<p>Wer sich für Chorgesang in allen Stilrichtungen interessiert, ist herzlich willkommen. <br>Chorische Stimmbildung, fröhliches und intensives Proben für unsere Auftritte erwartet Sie. <br></p>



<p></p>



<p></p>



<p>Zögern Sie nicht, in unserem Archiv zu schmökern. 2025, zum Beispiel, gab es von A wie Alperer Jodler<br>und B wie Bruckner Messe über D wie Don Kosaken, Fledermaus, Kaiserwalzer, Mozartrequiem schon fast alles mit allen Wiederholungen. Passenderweise, gegen Jahresende, kommen wir zum Buchstaben W wie Weihnachtssingen. </p>



<p>Unser nächster under esrter Auftritt in unserem <strong>Jubiläumsjahr 2026 </strong>ist der Liebstatt Sonntag in Gmunden</p>



<p>15.3.29026: 9:30   Stadtpfarrkirche Gmunden <br><a href="https://www.salzkammergutkultur.at/brauchtum/liebstattsonntag.html">https://www.salzkammergutkultur.at/brauchtum/liebstattsonntag.html</a> <br></p>



<p></p>
</div>



<p>Neugierig geworden? Stecken Sie Ihre Nase und Ihr Ohr zur Tür des Probenlokals und lassen Sie sich anstecken. </p>



<p><strong><mark style="background-color:rgba(0, 0, 0, 0)" class="has-inline-color has-vivid-purple-color">Jeden Dienstag, um 19:30: Georgstrasse 20, Gmunden (Räumlichkeiten der Lebenshilfe) </mark></strong></p>



<p></p>



<p></p>



<p></p>

<p>So, wie oben, schauen wir aus, wenn wir unsere Winterschals anlegen. Also jetzt. Wer sich für Chorgesang in allen Stilrichtungen interessiert, ist herzlich willkommen. Chorische Stimmbildung, fröhliches und intensives Proben für unsere Auftritte erwartet Sie. Zögern Sie nicht, in unserem Archiv zu schmökern. 2025, zum Beispiel, gab es von A wie Alperer Jodlerund B wie [&hellip;]</p>
